).
2, 53, 71
Suppose 2*i = 5*o - 3432, -i = 32*o - 33*o + 687. Let k = o - 346. What are the prime factors of k?
2, 5, 17
Let g(u) be the third derivative of u**5/30 + 23*u**4/24 - 95*u**3/3 - 106*u**2. List the prime factors of g(10).
2, 3, 5
Let g(p) = -6*p + 26. Let a be g(4). Suppose a*j - 509 = 5*i, 2*j + i = -0*i + 539. List the prime factors of j.
3, 89
Let z be -15*4/18*-3. Let i be (-2)/z*-2247 - 6/(-10). Suppose b - 151 = 3*y, 3*b - 3*y = i + 27. List the prime factors of b.
163
Let a = 16154 - 7030. List the prime factors of a.
2, 2281
Suppose -242678 = -28*h - 47938. List the prime factors of h.
5, 13, 107
Let o = -15032 - -32010. What are the prime factors of o?
2, 13, 653
List the prime factors of 737*(-6 + 0*2/(-12) + 7).
11, 67
Let f(t) be the second derivative of -t**5/10 - t**4/6 - t**3/6 - 6*t**2 + 15*t. List the prime factors of f(-6).
2, 3, 59
Let w be 6/((-84)/(-385))*102. Let y = -1467 + w. What are the prime factors of y?
2, 3, 223
Suppose 48*k = 39*k + 1215. Let x = k - 18. List the prime factors of x.
3, 13
Let d = 281 - -36. List the prime factors of 5/10*(d - -1).
3, 53
List the prime factors of -6 + 45005 + 0*(-10)/(-60).
17, 2647
Let g(v) = 47*v + 37. Let k be g(-1). Let u = 354 + 274. What are the prime factors of u/6 + k/(-30)?
3, 5, 7
Let b(f) = 34*f**2 + 14*f + 29. What are the prime factors of b(-18)?
43, 251
Suppose -49319 = -363*a + 362*a - 3*t, -t + 197188 = 4*a. List the prime factors of a.
5, 9859
Suppose -2*l - 2*w + 3*w = -271, l + w - 134 = 0. Let k = l - -96. Suppose -2*a = y + 2*y - 158, 3*a + 3*y = k. What are the prime factors of a?
73
Let w(g) = g**3 + 4*g**2 + 87*g - 6. List the prime factors of w(18).
2, 3, 181
Let b(k) = -k**2 - 12*k + 6. Let o be b(-12). Suppose o*v + 239 = 1583. Let i = -134 + v. List the prime factors of i.
2, 3, 5
Let i = -22678 + 39028. What are the prime factors of i?
2, 3, 5, 109
Let r = 33 - 20. Let s(l) = -2*l + 32. Let y(p) = 4*p - 64. Let u(g) = r*s(g) + 6*y(g). List the prime factors of u(-12).
2, 7
Let s(a) = 5*a**2 + 14*a - 31. Let i be s(5). Let l = i - 68. What are the prime factors of l?
2, 3
Suppose 0 = -34*l + 36*l + 3*t - 20171, 5*l + 5*t = 50415. List the prime factors of l.
2, 5039
Let o(s) = 22*s**2 + 5*s - 2. Suppose -55 + 61 = -3*v. Let l be (9/(-6) - 0)/(v/4). List the prime factors of o(l).
211
Let y = 8080 - 1421. Suppose k = -4*b + y, -b + 4*k + 1589 = -97. List the prime factors of b.
2, 7, 17
Let a = 146 - 143. Suppose -1116 = -a*w + 3*z, 8 = 4*z - 0*z. What are the prime factors of w?
2, 11, 17
Let a be (-251)/(-5) - 10/(-450)*-9. Let n = a + 199. What are the prime factors of n?
3, 83
Let c = 1550 - -8095. List the prime factors of c.
3, 5, 643
Let f = -86 - -88. Suppose -f*z = -2*o - 1220, z - 615 = -5*o + 7*o. List the prime factors of z.
5, 11
Suppose -45*x + 1733497 - 5535025 = -193*x. List the prime factors of x.
2, 3, 1427
Suppose 16320 = 5*t + 5*j, -2*t + 5631 = -5*j - 932. What are the prime factors of t?
7, 467
Let h = 57 + 3. List the prime factors of 3/((-12)/16) + h.
2, 7
Let n(f) = 14*f - 7. Let j be n(1). Let u(t) = 25*t - 8. Let m(k) = 24*k - 7. Let p(d) = 3*m(d) - 2*u(d). What are the prime factors of p(j)?
149
Suppose 2*f - 2 = -3*g, -2*f + 0*g - 2*g = 0. Let a(x) = -2*x**3 + 4*x**2 + 5*x - 2. Let h be a(f). Let b = 1 + h. List the prime factors of b.
3, 7
Let j(f) = -f + 23. Let m be j(18). Suppose m*q - 5 = 2*q + b, -q + b - 1 = 0. Suppose -5*c + 6 = -14, -q*c - 273 = -3*l. List the prime factors of l.
5, 19
Let l = 3803 + -3716. List the prime factors of l.
3, 29
Let p = 637 - 627. Suppose 2430 = -k + p*k. What are the prime factors of k?
2, 3, 5
Let i = 260 + -96. Let u = i + 191. What are the prime factors of u?
5, 71
Let w = 10207 + -10198. Let q(f) = -23*f - 3*f**2 + 22 + 0*f**3 - 2*f**2 + f**3. What are the prime factors of q(w)?
139
Suppose -27 = 5*r + 63. Let k be (-10)/(420/r) - 988/(-14). Suppose -q - 3*n + 128 = 0, -q - 4*n = -k - 56. List the prime factors of q.
131
Suppose 54150 = 13*u - 8*u. Suppose 18*d - 15486 = u. What are the prime factors of d?
2, 17, 43
Let g(u) = 31*u**2 + 8*u + 90. Let l be g(12). Suppose l = -28*d + 38*d. List the prime factors of d.
3, 5, 31
Let i be 36/60 + (-114)/(-10). Let a(u) = -u**2 + 22*u - 29. List the prime factors of a(i).
7, 13
What are the prime factors of 2/(-9) + (16/44 - (-1591298)/198)?
3, 19, 47
Suppose 0 = 175*a - 439652 - 4710423. What are the prime factors of a?
29429
Suppose -238*b - 181*b + 4019463 = 40*b. List the prime factors of b.
3, 7, 139
Let n(i) be the first derivative of i**3/3 - 17*i**2/2 - 79*i - 180. List the prime factors of n(50).
1571
Let w(a) = 6*a - 148. Let v be w(26). What are the prime factors of 2 + 8444/v + 2/(-4)?
7, 151
Suppose -2*m - 5*z = 25, -2*m - 3*z - 13 = -m. Let g = m - 5. List the prime factors of (18/g)/(-2 - (-1232)/620).
3, 31
Let v be -11 - (-95)/(-57)*3/5. List the prime factors of ((-11)/((-66)/700))/((-2)/v).
2, 5, 7
Suppose -7*a = -74 - 983. Let l be -106 + 2/(2 + 0). Let h = a + l. What are the prime factors of h?
2, 23
Let n = 42397 + -28769. What are the prime factors of n?
2, 3407
Let u(p) = -2*p**2 - 2*p + 3*p**3 + 0*p + p - 2 + 3*p**2. Let s be u(-2). List the prime factors of ((207/(-6))/3)/(5/s).
2, 23
List the prime factors of (12/(-8))/((-3)/29004*3).
2, 2417
Let t be 2/((-2)/(-9)) - -2. Let y be 213/6 + 3*(-4)/(-24). Let r = y + t. What are the prime factors of r?
47
Suppose 0 = 5*j - 69*i + 65*i - 72563, -i = -j + 14513. List the prime factors of j.
3, 7, 691
Let f(h) = -12*h - 473. Let r be f(-39). Let q(i) = -3*i + 0 - 4 - 1. List the prime factors of q(r).
2, 5
Suppose -148*y + 3432777 = -4781815. What are the prime factors of y?
2, 3469
Suppose 2*i = 10, 8*x - 3*x = -5*i + 10. Let f(z) = 107*z**2 + 19*z + 42. List the prime factors of f(x).
2, 3, 79
Let c = 85 - 52. Let h(b) = b**3 - 31*b**2 - 39*b - 82. List the prime factors of h(c).
809
Let k(j) = -3*j + 31. Let n = 9 + -4. Suppose n*f - 2*b + b = -65, 5*b - 13 = f. List the prime factors of k(f).
2, 5, 7
Let d(o) = -o**2 + 20*o + 19. Suppose 0 = 2*t - 11*t + 144. Let p be d(t). Let j = -44 + p. List the prime factors of j.
3, 13
Let x = -8162 - -19128. What are the prime factors of x?
2, 5483
Let l be 2/(-4)*2*-4. Let x(w) = -2 - 60*w**3 - w - l*w**2 + 22*w**3 + 29*w**3. List the prime factors of x(-3).
2, 13
Let b(z) = -1374*z - 13589. What are the prime factors of b(-37)?
193
List the prime factors of (7856/(-72))/((-7)/441).
2, 7, 491
Let o = 15132 + 11959. List the prime factors of o.
27091
Let c = -5513 - -11980. What are the prime factors of c?
29, 223
Suppose 0*u = 2*u + 8, -m = u - 203. Suppose f - 4 = 0, m = 2*k + 2*f - 65. List the prime factors of k.
2, 3, 11
Suppose -4*r = -3*n + 5*n + 466, 570 = -5*r - 5*n. Let z be (-1411)/r + (-1)/(-7). Suppose -4*m = -z*m + 216. What are the prime factors of m?
3
Let j(f) = 121*f - 423. List the prime factors of j(29).
2, 1543
Suppose 5*g - 3865 = -3*n, 4*g + 5*n - 3100 = n. Suppose 2*y = g - 46. What are the prime factors of y?
2, 181
Suppose -3*b + 3 = -2*a - 7, 32 = 2*b + 5*a. Suppose 4*q + b*q = 1690. List the prime factors of q.
13
Let x(s) = 18*s - 20. Let i(a) = -3*a + 1. Let t(d) = -3*i(d) + x(d). What are the prime factors of t(13)?
2, 41
Suppose -496 - 1568 = 2*v. Let i(r) = -3*r - 6. Let x be i(-4). List the prime factors of (-2)/x*2 + v/(-9).
2, 3, 19
Let q be 32/(-8)*(-2)/4. Let r be (-6245)/(-45) + 16/(-9) + q. Let n = r + -121. List the prime factors of n.
2, 3
Let a = 45 - 32. Suppose 0 = -4*o - 4, -o = 14*r - a*r - 859. What are the prime factors of r?
2, 5, 43
Let g be (1/(1*2))/(6/36). Suppose -4*h + 592 = 4*n - 1232, g*h = 3*n + 1368. Suppose 0 = 2*x - 5*s - 177, s - 147 = 4*x - h. List the prime factors of x.
2, 19
Suppose -x + 0*d - 5*d = 0, 5*x + 3*d - 22 = 0. Suppose x*r + 322 - 1937 = 0. Suppose 2*s - 3*k = 333, 0 = -3*s + s + k + r. List the prime factors of s.
3, 53
Suppose -132 - 3 = 5*i. Let p = 13 - i. Suppose w + w = p. What are the prime factors of w?
2, 5
Suppose -4*j - 4 = 12. Let r(q) = -q**3 - 6*q**2 - 10*q - 6. Let m be r(j). What are the prime factors of (-5941)/(-117) + m/9?
3, 17
Suppose -5*q = -2*o + 939, -28 = 2*q - 18. List the prime factors of o.
457
Let y 